 the units digit of w?
4
Let d(n) = 5*n**2 + n - 4. What is the units digit of d(-3)?
8
What is the tens digit of 0 - (-49 - (0 - (3 - 0)))?
4
Let j be (-13)/2 - (-3)/6. Let b be (36/4)/((-2)/j). What is the units digit of (-3)/(b/6)*-9?
6
Suppose -4*g = -0*i + 4*i - 8, -2*i - 3*g + 3 = 0. What is the units digit of i?
3
Let s(x) = x + 3. Let v be s(-4). Suppose 4*a = 5*q + 7 + 12, -5*a - 1 = 2*q. What is the units digit of v/a*1*-1?
1
What is the units digit of (156 - 1) + 16 + -18?
3
Suppose -m = -7 - 0. What is the units digit of m?
7
Let i(k) = k**2 - 5*k - 4. Let o be i(6). Suppose -2*f - 3*f + 37 = -2*x, -19 = -3*f - o*x. What is the units digit of f?
7
Suppose 0 = 2*q + 5 + 43. Suppose 0 = 3*d + 2*d + 175. Let s = q - d. What is the units digit of s?
1
Suppose p - 4 = -0. Let s = 11 - p. Suppose -5*u + 1 = -5*i - 9, -4*i + s = u. What is the units digit of u?
3
Suppose -10 = -c + 23. Let o = -19 + c. What is the units digit of o?
4
Let z = -3 + -4. Suppose 0 = -i - 0*i. Let f = i - z. What is the units digit of f?
7
Suppose 3*l + 3*o = -18, -o + 0*o + 26 = -3*l. Let m = 14 - l. What is the tens digit of m?
2
Let j = 821 - 487. What is the units digit of j?
4
Let k = 3 + -5. Let w be k/(3/5 - 1). Suppose -w*x - 20 = -b, 5*b - x - 3*x = 37. What is the units digit of b?
5
Suppose -6*g + 62 + 382 = 0. Suppose 0 = 4*m - 78 - g. What is the units digit of m?
8
Let l(u) = u**2 - 3*u - 2. Let g be l(-2). Suppose 4*z - z - 84 = 0. What is the units digit of (35/z)/(2/g)?
5
Suppose 62 + 27 = u. What is the tens digit of u?
8
Let l be (-2)/(-3) + (-100)/(-12). Let x(u) = 3*u + 4. Let f be x(-3). Let n = f + l. What is the units digit of n?
4
Suppose 2*l = 6*l - 76. Let f = l + 1. What is the tens digit of f?
2
Let b be (1 - 1 - 2) + 1. Let x = b + 4. Suppose 0 = 5*v + 3*i - 67, -2*i + x*i - 59 = -5*v. What is the tens digit of v?
1
Let a(h) = 3*h + 1. Let k be a(1). Suppose -4*n + 2*m = 136, k*n - 136 = 8*n + 5*m. Let w = -14 - n. What is the units digit of w?
0
Let q be 1 - (-21 - 3 - 2). Let i = q + 4. Let r = i + -18. What is the tens digit of r?
1
Let s(f) = -2*f - 16. Let k be s(-5). Let p = 52 + k. What is the tens digit of p?
4
Let h(l) = 3*l - 4. Let c = 16 + -8. What is the units digit of h(c)?
0
Suppose n = 5 - 1. Suppose -p + n = p. Suppose -3*a - 3*o = -48, -p*o - 30 = -3*a + 3. What is the units digit of a?
3
Suppose -2*h + 19 = 2*f + 89, -4*h - 3*f - 135 = 0. Let n = 52 + h. What is the tens digit of n?
2
Let a(f) = -f + 2. Let y be a(-2). Let d(b) be the third derivative of b**4/24 - b**3/2 + 2*b**2. What is the units digit of d(y)?
1
Let s be (-2)/(-9) + 3766/63. Suppose -2*j = -5*j + s. What is the tens digit of j?
2
Suppose -172 - 40 = -4*i. What is the units digit of i?
3
Suppose -5*u = -3*w + 28, 0 = 5*w - 3*u + 2 - 38. Let p(r) = -w*r + 4 + 0 + 5*r + 2*r. What is the units digit of p(-3)?
1
Let l be ((-12)/24)/(2/4). Suppose 15 = 3*a + 5*v, 3 = 4*a + 2*v - v. What is the tens digit of (a + -1)*-12 - l?
1
Let r(v) = v**2 - 5*v + 5. Suppose 4*w = -4, 3*w - 22 = -4*l + 3. Let s = l - 3. What is the units digit of r(s)?
1
What is the units digit of (-6 + 5)/(3/(-129))?
3
Suppose 5*w - 4*g - 1067 = 0, -3*g = w + 3*w - 835. What is the hundreds digit of w?
2
Suppose -23 = -f - 0*f. Suppose -4*g - 5 + 25 = 0, -y = -5*g + f. Suppose -3*k = -y*k - 1. What is the units digit of k?
1
What is the units digit of 6/4 - (-4)/(-8)?
1
Let u(m) = -3*m - 3. Let h(i) = -7*i**2 + 1. Let s be h(1). Let l be u(s). Suppose -15 - l = -3*k. What is the tens digit of k?
1
Let s be (-6)/(-9) - (-13)/3. Suppose s*q = -0*q + 10. Suppose -3*v - 2*m = -16, 0*v + 3*v = q*m + 8. What is the units digit of v?
4
Suppose -8*d = -12*d + 144. What is the tens digit of d?
3
Let f = 60 - 41. What is the units digit of f?
9
Let r(h) = -h. What is the units digit of r(-11)?
1
Let k(a) = -8*a**2 + 6*a - 1. Let f be k(4). Let i = -75 - f. What is the units digit of i?
0
Let h = -77 + 185. What is the hundreds digit of h?
1
Let y(m) = m**2 + m - 28. What is the units digit of y(5)?
2
Let l be 156/16 - (-1)/4. Let f = l + -6. What is the units digit of f?
4
Let p(w) = -w**2 + 4*w - 1. Let x be p(3). Suppose 0*v = 2*d + x*v - 30, 4*v = 3*d - 17. What is the units digit of d?
1
What is the units digit of -11 + 11 - (-390 - (1 + -3))?
8
Let n be 2*(1 + 26/4). Let h = 22 - n. Suppose -3*m + h = -2. What is the units digit of m?
3
Let c be 1 + (-2 - -6)*1. Suppose -c*s = -53 - 42. Suppose -s = 5*v - 84. What is the tens digit of v?
1
Suppose -a = -3 - 3. Let q(w) = -w**3 + 7*w**2 - 7*w - 2. Let o be q(a). Let t = o - -13. What is the units digit of t?
5
Let i = -88 - -5. Let f = -59 - i. What is the tens digit of f?
2
Let d(m) = 16*m**2 + 3*m. What is the tens digit of d(-1)?
1
Let b be 1*(0 - 1) + 75. Let q = -41 + b. What is the units digit of q?
3
Let k(b) = -44*b + 1. What is the tens digit of k(-1)?
4
Let f = 0 + 78. What is the tens digit of f?
7
What is the tens digit of 0*(-2)/4 + 75*2?
5
Let v(s) = s**2 + 4*s - 6. Let r be v(-6). Let h be -1 + 5/(5/r). Let n(g) = g - 4. What is the units digit of n(h)?
1
What is the units digit of (8 - 4) + -8 - -30?
6
Suppose -3*f = -4*s + 389, -2*s + 51 = -5*f - 140. What is the tens digit of s?
9
Let r(j) = 2*j**2 + 16*j - 6. What is the tens digit of r(-12)?
9
Suppose -8*z + 34 = -6*z. Let b = -13 + z. What is the units digit of b?
4
Suppose 0 = -20*z + 18*z + 20. What is the units digit of z?
0
Suppose 3*k - 4 = -y - 0*k, 1 = 5*y - 4*k. What is the units digit of y?
1
Let w = -72 + 115. Let p = w - 9. What is the units digit of p?
4
Let d(h) be the third derivative of h**5/60 - 5*h**4/24 - h**3 + h**2. Let j = 20 + -13. What is the units digit of d(j)?
8
Suppose -y + 3*v + 18 = 0, 3 = -3*y + v + 41. Suppose a + 3*a + 4 = 0. Let g = y - a. What is the tens digit of g?
1
Let n(u) = -8*u - 14. Let r(y) = 7*y + 13. Let o(c) = -6*n(c) - 7*r(c). Let p be o(-5). What is the units digit of (6 - 2) + p - -5?
7
Let i(k) = -k**2 + 4*k + 3. Let f be i(4). Suppose f*m - 21 = -5*w, -4*m + 5*w = -5*m + 17. Suppose -9 = -m*j + 1. What is the units digit of j?
5
Let t(r) = -r**3 - 4*r**2 + 8*r + 9. Let j be t(-6). Let m = -17 + j. What is the tens digit of (1 - (-1 + m))/(-1)?
1
Suppose 3 = 4*p - 9. Suppose 3*l = -2*r - 2*r + 27, -p*r + 24 = l. What is the units digit of r?
9
Suppose -2*t + 4 = -t. Suppose -3*o - 35 = -4*l, -3*l - t*o - 12 = -4*l. What is the units digit of l?
8
Suppose 3*f + 12 = 0, 5*y - 3*y = -4*f - 70. Let q = -19 - y. Let j(k) = -k**2 + 8*k + 4. What is the units digit of j(q)?
4
Suppose -m + 5*m = 8. Suppose m = -q + 7. What is the units digit of q?
5
Suppose 14 = 4*y - 2. Suppose -y*j + 6*m = 2*m + 28, -4*j - 34 = -m. What is the units digit of (-60)/j + 2/(-3)?
6
What is the units digit of -3 + (-3 - -6) + 6?
6
Let p(q) = -1 - q**3 + 3*q + 0 + 2 - 2*q**2 - 4. What is the units digit of p(-4)?
7
Suppose -5*h + 6 + 9 = 0. Suppose 32 = -2*z + 4*z - 3*k, 2*z - 2*k = 30. Suppose -h*b - 4*c + z + 21 = 0, -3*b = -2*c - 10. What is the units digit of b?
6
Suppose 4*f - 119 = -5*m, 0*f - 4*f - 2*m = -110. What is the units digit of f?
6
Let f(z) = -z**2 - 13*z + 8. Let g be f(-11). Suppose 0 = -3*d + d + g. What is the tens digit of d?
1
Suppose -5*z = 59 - 294. What is the tens digit of z?
4
Let k be 1 + -2 + 5*10. Suppose 19 - k = -5*d. What is the units digit of d?
6
Let n be ((-6)/4)/(-3)*2. Let p(c) = 10*c. Let t(k) = -91*k. Let v(s) = 28*p(s) + 3*t(s). What is the units digit of v(n)?
7
Suppose 5*y + m = 54, 2*y + 4*m - 20 = 2*m. Let c = -8 + y. What is the units digit of c?
3
Suppose -2*d = 2*z - 144 + 12, -3 = -3*z. What is the tens digit of d?
6
Let d = -53 + 35. Let k = -13 - d. Suppose -f = j - k, -3*f + 8*j = 3*j - 31. What is the units digit of f?
7
Suppose 3*x - w - 1 = 0, x + w - 7 = -0*w. Let v = 2 + x. Suppose 0*y + 28 = v*y. What is the units digit of y?
7
Let c(o) = -o**2 - 10*o + 16. What is the units digit of c(-9)?
5
Suppose -3*r + v = -17, 3*r - 21 = -r + 3*v. What is the units digit of r?
6
Let g = 189 - 106. What is the units digit of g?
3
Let t = 165 + -96. What is the units digit of t?
9
Suppose 4*v + 2*p - 16 = -2*p, 5*v + 3*p - 22 = 0. What is the units digit of (-14)/(-10) - 2/v?
1
Let c = 8 + 26